test common factor of 5 and 1?
1
Calculate the highest common factor of 108 and 252.
36
What is the highest common divisor of 527 and 62?
31
What is the highest common factor of 174 and 203?
29
What is the highest common factor of 9 and 6?
3
What is the highest common factor of 9 and 369?
9
What is the greatest common divisor of 20 and 38?
2
What is the highest common divisor of 1 and 947?
1
What is the highest common factor of 153 and 27?
9
What is the highest common divisor of 1 and 1?
1
What is the greatest common factor of 133 and 1216?
19
What is the greatest common factor of 39 and 312?
39
Calculate the highest common divisor of 46 and 4.
2
What is the highest common divisor of 1550 and 50?
50
What is the greatest common factor of 1265 and 110?
55
Calculate the greatest common factor of 184 and 232.
8
What is the greatest common factor of 624 and 12?
12
Calculate the greatest common divisor of 1140 and 60.
60
Calculate the highest common divisor of 5 and 1375.
5
What is the greatest common factor of 2112 and 66?
66
What is the greatest common factor of 33 and 33?
33
What is the highest common divisor of 92 and 6463?
23
What is the highest common factor of 294 and 1092?
42
Calculate the highest common factor of 1649 and 17.
17
Calculate the highest common factor of 315 and 252.
63
What is the greatest common divisor of 100 and 2950?
50
Calculate the greatest common factor of 230 and 23.
23
What is the greatest common divisor of 12 and 1084?
4
What is the greatest common factor of 45 and 345?
15
Calculate the greatest common divisor of 174 and 812.
58
Calculate the greatest common factor of 28 and 2996.
28
What is the highest common factor of 13731 and 207?
69
Calculate the greatest common factor of 50 and 60.
10
What is the greatest common divisor of 2985 and 15?
15
Calculate the highest common factor of 228 and 48.
12
Calculate the greatest common divisor of 12138 and 42.
42
Calculate the highest common divisor of 75 and 10050.
75
What is the greatest common divisor of 2263 and 146?
73
What is the greatest common divisor of 1764 and 36?
36
Calculate the highest common factor of 1025 and 850.
25
What is the greatest common divisor of 2 and 613?
1
What is the highest common factor of 11 and 26147?
11
Calculate the highest common factor of 957 and 33.
33
What is the highest common divisor of 275 and 44?
11
What is the highest common factor of 26 and 234?
26
Calculate the greatest common factor of 54 and 36.
18
What is the greatest common divisor of 8636 and 68?
68
What is the greatest common factor of 57 and 96?
3
Calculate the greatest common divisor of 13 and 13.
13
Calculate the greatest common factor of 589 and 19.
19
What is the highest common factor of 102 and 6?
6
Calculate the highest common divisor of 960 and 24.
24
Calculate the highest common divisor of 140 and 175.
35
Calculate the greatest common factor of 1798 and 986.
58
What is the highest common factor of 87 and 5568?
87
What is the highest common factor of 1458 and 828?
18
Calculate the greatest common factor of 44 and 20.
4
What is the greatest common divisor of 474 and 42?
6
Calculate the highest common divisor of 25900 and 296.
148
What is the highest common divisor of 84 and 804?
12
Calculate the highest common divisor of 24 and 1384.
8
What is the highest common factor of 72 and 21?
3
What is the highest common factor of 11 and 209?
11
What is the greatest common divisor of 68 and 8?
4
What is the greatest common factor of 234 and 450?
18
What is the highest common divisor of 31 and 2604?
31
Calculate the greatest common divisor of 25 and 16050.
25
What is the greatest common divisor of 28 and 7?
7
Calculate the greatest common divisor of 1475 and 600.
25
Calculate the greatest common factor of 176 and 8.
8
What is the greatest common divisor of 81 and 7587?
27
What is the highest common factor of 425 and 79900?
425
What is the highest common divisor of 4320 and 756?
108
What is the greatest common divisor of 2375 and 1140?
95
Calculate the greatest common divisor of 235 and 3008.
47
What is the highest common divisor of 25 and 6575?
25
What is the greatest common divisor of 847 and 363?
121
What is the highest common factor of 260 and 195?
65
What is the highest common divisor of 406 and 259?
7
Calculate the highest common factor of 4043 and 13.
13
What is the highest common factor of 3588 and 468?
156
Calculate the greatest common divisor of 42 and 1386.
42
Calculate the highest common divisor of 279 and 57.
3
What is the greatest common divisor of 45 and 345?
15
Calculate the greatest common factor of 51 and 13634.
17
What is the greatest common factor of 82 and 164?
82
What is the greatest common factor of 1265 and 880?
55
Calculate the greatest common factor of 2227 and 131.
131
Calculate the highest common divisor of 70 and 406.
14
Calculate the greatest common factor of 24 and 40.
8
Calculate the highest common factor of 18 and 2133.
9
Calculate the highest common divisor of 1168 and 16.
16
What is the highest common divisor of 42 and 48?
6
What is the highest common factor of 1365 and 1995?
105
What is the highest common divisor of 312 and 72?
24
Calculate the greatest common divisor of 13622 and 98.
98
What is the greatest common factor of 3498 and 66?
66
Calculate the highest common divisor of 72 and 64.
8
Calculate the highest common divisor of 847 and 1848.
77
Calculate the highest common factor of 14 and 112.
14
What is the highest common divisor of 20 and 30?
10
Calculate the greatest common factor of 18 and 2306.
2
Calculate the highest common divisor of 645 and 75.
15
What is the highest common factor of 29 and 129775?
29
Calculate the greatest common factor of 13 and 3.
1
What is the greatest common divisor of 1166 and 22?
22
Calculate the highest common factor of 72 and 656.
8
What is the highest common factor of 1127 and 23?
23
Calculate the greatest common factor of 19796 and 303.
101
Calculate the highest common factor of 3210 and 30.
30
Calculate the greatest common factor of 164 and 1189.
41
What is the greatest common factor of 13056 and 51?
51
What is the highest common divisor of 2 and 26?
2
Calculate the highest common divisor of 266 and 14.
14
Calculate the highest common divisor of 25 and 50.
25
Calculate the highest common factor of 658 and 56.
14
Calculate the highest common factor of 235 and 47.
47
What is the greatest common factor of 1184 and 64?
32
What is the greatest common factor of 442 and 34?
34
What is the greatest common divisor of 147 and 108633?
147
What is the greatest common divisor of 10769 and 89?
89
What is the greatest common factor of 824 and 103?
103
Calculate the highest common divisor of 42 and 56.
14
What is the greatest common divisor of 12 and 768?
12
What is the highest common factor of 4750 and 38?
38
What is the highest common factor of 88 and 242?
22
Calculate the highest common factor of 308 and 266.
14
Calculate the greatest common factor of 90 and 11510.
10
What is the greatest common divisor of 2592 and 810?
162
What is the greatest common divisor of 672 and 48?
48
Calculate the greatest common factor of 12 and 87.
3
Calculate the greatest common divisor of 5555 and 275.
55
Calculate the greatest common factor of 34 and 986.
34
What is the highest common factor of 3664 and 32?
16
Calculate the highest common factor of 47 and 235.
47
What is the highest common factor of 17277 and 13?
13
What is the highest common divisor of 104 and 130?
26
What is the greatest common divisor of 128 and 16?
16
Calculate the greatest common divisor of 536 and 67.
67
Calculate the highest common divisor of 456 and 4712.
152
What is the highest common divisor of 1498 and 14?
14
What is the highest common divisor of 2358 and 108?
18
What is the greatest common factor of 472 and 2183?
59
Calculate the highest common factor of 84 and 12.
12
Calculate the highest common factor of 31 and 7.
1
What is the highest common factor of 154 and 50281?
77
Calculate the greatest common factor of 116212 and 68.
68
Calculate the highest common factor of 10829 and 238.
119
What is the highest common factor of 35 and 36155?
35
Calculate the highest common factor of 13596 and 132.
132
Calculate the greatest common divisor of 204 and 96.
12
